mmon factor of s and 42.
6
Let f be (10/(-4))/(15/(-36)). Calculate the highest common factor of 24 and f.
6
Let u be 63 - (0 + -3)*1. Calculate the highest common divisor of 165 and u.
33
Suppose 0 = -h + 2*b + 36, -5*b = -3*h - 4*b + 123. Let t be ((-4)/(-3))/(4/h). Suppose 0 = -v + t + 10. Calculate the highest common divisor of v and 8.
8
Suppose 0*t + 24 = 3*t. Suppose 5*r = -4*d + t, r = -3*r - 5*d + 1. Suppose -4*p + 2*p + 56 = 0. Calculate the highest common divisor of r and p.
4
Let h(l) = 6*l**3 + 2*l**2 - 1. Suppose 3*b - 2*b - 2 = 0. Suppose b*u + 3 = 5*u. Let j be h(u). Calculate the greatest common factor of 56 and j.
7
Let n(a) = -a**3 - a - 16. Let v be n(0). Let w be v/(-20)*85/2. Calculate the greatest common factor of w and 85.
17
Suppose -a = 1, 4*a = 3*l - 0*a - 274. Suppose -3*o = -5 - 25. Calculate the greatest common divisor of l and o.
10
Suppose n = -0*n + 9. Suppose -5*b + 41 = -n. Calculate the highest common divisor of 90 and b.
10
Let m be 42/(-2)*3/(-9). Let b be (7/3 - 1)*21. What is the greatest common divisor of m and b?
7
Suppose -3*q = -2*q, 3*q - 275 = -5*w. Let v(c) = 3*c - 4. Suppose 0*g - 6 = -2*g. Let d be v(g). Calculate the greatest common factor of d and w.
5
Let m(h) = -h - 3. Let d be m(-5). Suppose -d*x = -x - 14. Let q = 70 - -28. What is the greatest common divisor of x and q?
14
Let d(f) = f + 2. Let o be d(0). Let q(i) = i - 7. Let t be q(7). Suppose t = -o*r + 4 + 4. What is the highest common factor of 36 and r?
4
Let z(r) = 2*r**2 + 1. Let p be z(1). What is the greatest common divisor of p and 6?
3
Suppose -6*u = -u - 45. Let y be 4/6 - (-165)/u. Suppose -5*h + 31 = -y. What is the greatest common factor of 15 and h?
5
Let b be (12 + -13)/(2/(-6)). What is the greatest common factor of 6 and b?
3
Let r(u) = u**2 + u + 6. Let o be r(-6). What is the greatest common factor of 27 and o?
9
Suppose -r - 4*r + 70 = 0. Let c be 100 + (2 + -4)*1. Calculate the greatest common divisor of c and r.
14
Let y be (5/4)/(2/(-8)). Let h be 5*(3 - 18/y). Calculate the greatest common factor of 22 and h.
11
Let i be (17/2)/(6/12). Let q = -7 + i. Calculate the highest common factor of q and 10.
10
Let l be -1 - -2*(-2)/(-1). What is the greatest common divisor of 6 and l?
3
Suppose 261 = 2*u - u. Calculate the highest common factor of 29 and u.
29
Let z be -10*((-2)/(-4) + -1). Let n = 1 + z. Let g(l) = 2*l**3 - 4*l**2 + 5*l - 3. Let r be g(3). What is the greatest common divisor of n and r?
6
Suppose 3*l + 2 - 80 = 0. Let p be (-3)/(-2)*2 - -2. Suppose -k - p = -l. What is the greatest common factor of 7 and k?
7
Let u be ((-354)/(-15))/((-1)/(-5)). Let x = -41 + u. What is the greatest common divisor of 11 and x?
11
Let s(t) = t**3 - 26*t**2 - 27*t + 12. Let d be s(27). Suppose 0 = -c - 5*u + 2*u + 30, -4*u = -3*c + 116. Calculate the highest common factor of c and d.
12
Suppose 4*s + 4*f - 3*f - 55 = 0, -33 = -3*s + 2*f. What is the highest common divisor of s and 65?
13
Suppose -v - 3*v + 16 = 0. Let b be v/(-22) + 1590/33. What is the highest common divisor of 12 and b?
12
Let z be (38/(-6))/((-2)/(-6)). Let y(n) = -n**2 + 4*n - 7. Let p be y(3). Let q = p - z. Calculate the highest common factor of q and 135.
15
Let v(u) = -10*u - 3. Let h(o) = 19*o + 5. Let m(d) = -3*h(d) - 5*v(d). Let y be m(-1). Suppose 11 + y = 3*q. What is the greatest common divisor of 48 and q?
6
Suppose 139 = 3*h - 89. Let q be ((-6)/(-3))/2*-7. Let d = 26 + q. Calculate the greatest common factor of d and h.
19
Suppose 2*y + 12 = -4*s + 6*y, -5*s - 2*y = -13. Let v be 0/(-1) + (3 - s). What is the greatest common factor of 6 and v?
2
Suppose k + a = 4*k - 21, 2*a = -5*k + 46. Calculate the greatest common divisor of 12 and k.
4
Let t(m) = -m + 330. Let y be t(0). Suppose 5*s - y = 10. Let j = -15 - -32. What is the highest common divisor of j and s?
17
Let p be (24/(-14))/(6/(-63)). Calculate the highest common divisor of 180 and p.
18
Let l be 0 + 14/2*6. Let r(j) = j + j**3 + j - 3*j**2 - 4 + 2 + 8*j**2. Let v be r(-4). What is the greatest common divisor of v and l?
6
Suppose -5*u - 10 = -o, 0 = u + 4*o + 2. Let b be ((-136)/(-32))/(u/(-8)). Let s = -122 - -173. What is the greatest common divisor of s and b?
17
Suppose a + 20 = 6*a. Suppose v = 2*j + 172, -a*v - 5*j = -0*j - 740. What is the greatest common factor of v and 20?
20
Let w be ((-20)/(-15))/((-2)/(-24)). What is the highest common divisor of w and 24?
8
Let n be ((-24)/(-9))/(2/6). Let y = -173 + 295. Let m be n/28 + y/14. What is the highest common factor of m and 1?
1
Suppose 21 + 39 = 4*k. Let z = -95 - -200. Calculate the greatest common divisor of z and k.
15
Let t = 3 + 2. Let g = 1 + t. Calculate the greatest common factor of 66 and g.
6
Let t be 25 - (-3 + -3)/(-2). Let m(y) = y - 4. Let x be m(6). Calculate the greatest common divisor of t and x.
2
Let b be -6 - 45/(-10) - 318/(-4). Calculate the greatest common factor of 13 and b.
13
Suppose 3*s - 1 = -2*p, 0*p = 5*p - 5*s + 10. Let w = 31 + p. Calculate the highest common divisor of 6 and w.
6
Suppose 0 = 3*k + 3*d - 735, 1216 = 2*k + 3*k + 2*d. Suppose 2*n = 25 + 19. Calculate the highest common factor of k and n.
22
Suppose -403 = -2*j - 3*j + 2*n, 0 = 3*j - n - 242. Calculate the greatest common factor of j and 9.
9
Let z(t) = 2*t**3 - 4*t**2 + 3*t. Let r be z(2). What is the greatest common divisor of 66 and r?
6
Let c = 14 - 4. What is the highest common factor of c and 2?
2
Suppose 2*o = 2, j + 0*j + 128 = 4*o. Let d = 232 + j. Suppose 0 = x - 4*h, -5*x + 2*h + 63 = 3*h. What is the greatest common divisor of x and d?
12
Let y = -82 + 59. Let w = 33 + y. Calculate the highest common divisor of 20 and w.
10
Let a = 5 + -6. Let f be 4 + a + (-12)/(-4). Let j be (-2)/5 - 122/(-5). What is the highest common divisor of f and j?
6
Suppose s - 980 = -3*s. Let z = -146 + s. Let j(f) = f**2 + 7*f + 9. Let k be j(-7). Calculate the greatest common divisor of z and k.
9
Suppose 0 = r + 3, q - 156 = -3*q - 4*r. Let x = 19 - 13. Calculate the highest common divisor of x and q.
6
Suppose 2*g - 4*g = 206. Let j = 153 + g. Calculate the greatest common factor of 5 and j.
5
Let y be 1/(-1*(-1)/(-15)). Let s be (-18)/y*(1 - -29). Calculate the greatest common divisor of 4 and s.
4
Let v(c) = -4*c - 9. Let h be v(-9). What is the highest common divisor of 3 and h?
3
Let o(s) = s**3 - 6*s**2 + 6*s - 3. Let m be o(4). Let n = m + 16. Suppose 4*u + 70 - 14 = f, 296 = n*f - 4*u. Calculate the highest common factor of 40 and f.
20
Let o(t) = t - 7. Let k be o(12). Calculate the highest common factor of 55 and k.
5
Let t(g) = 2*g + 3. Let s be t(3). Let l be (27/(-2))/(s/(-24)). Let k be (-94)/(-8) + 1/4. What is the greatest common divisor of k and l?
12
Let x be (-25)/(1/(-4) + 105/660). Calculate the highest common factor of 25 and x.
25
Suppose r - 12 = -2*r. Let h(a) = 2*a**2 + 2*a + 2. Let z be h(-1). What is the greatest common factor of r and z?
2
Let n(c) = 4*c**2 + 3*c + 4. Let p be n(-4). Suppose -d = -0*d + 4*b + 12, 4*d + 3*b - 17 = 0. What is the greatest common factor of p and d?
8
Let r be (-196)/(-5) - 1 - 1/5. Let l(o) = 2*o**2 - 3*o + 3. Let w be -6*(1 - 1 - 1). Let x be l(w). Calculate the greatest common divisor of x and r.
19
Suppose -4*p + 11*p = 14. What is the highest common divisor of 8 and p?
2
Suppose 0 = -0*i + 4*i - 20. Suppose 35 = 4*b - i. What is the greatest common factor of b and 20?
10
Let l(g) = 3 + 1 - 5 - g + 0*g. Let h be l(0). Let p be (h/(-3))/1*18. What is the greatest common factor of p and 12?
6
Suppose 0 = 5*d - 5, 4*t + 2*d + d - 315 = 0. What is the greatest common factor of t and 6?
6
Let p = -26 + 32. What is the highest common divisor of 6 and p?
6
Suppose 39 = -3*l + 6*l. Let c(g) = -27*g - 4. Let i be c(-4). Calculate the greatest common factor of i and l.
13
Suppose -6*d - 12 = -7*d. Suppose g + 0*x = -x + d, -4*g = -2*x - 36. Suppose 0 = 2*c + 3*c - 50. Calculate the greatest common divisor of g and c.
10
Let i(p) = p**2 - 5*p - 10. Let w be i(7). Suppose w - 26 = -2*o. Let l = 1 + 0. What is the greatest common divisor of l and o?
1
Let y(l) = l**2 + 9*l + 28. Let m be y(-9). Calculate the greatest common factor of m and 14.
14
Let m(f) = -f**3 - 5*f**2 + 4